alse
Is 113206564285 a composite number?
True
Is 14635999678 a prime number?
False
Is 5608003 composite?
False
Is 103717477 a composite number?
True
Is 22111948121 composite?
True
Is 2149391963 a prime number?
False
Is 879900349 prime?
False
Is 346797753 a composite number?
True
Is 8382592741 a composite number?
False
Is 159761237 composite?
True
Is 1725690269 a composite number?
True
Is 14549417203 a composite number?
True
Is 5771775391 prime?
False
Is 298998202051 composite?
True
Is 505664819 a prime number?
False
Is 9262176647 prime?
True
Is 38883016589 a prime number?
False
Is 1835592923 a prime number?
True
Is 1092223631 a prime number?
True
Is 45102276559 a prime number?
False
Is 13086638503 a composite number?
True
Is 31333986319 a composite number?
False
Is 69149555291 composite?
True
Is 1025595833 a prime number?
True
Is 887942063 a prime number?
True
Is 157547737 composite?
False
Is 808759642 a prime number?
False
Is 3308917979 prime?
True
Is 83287144273 composite?
True
Is 2155203319 composite?
False
Is 164012144437 prime?
True
Is 5923629619 composite?
False
Is 72239775997 composite?
True
Is 13281942313 composite?
False
Is 18589380323 a composite number?
False
Is 59603083171 a composite number?
False
Is 427090349 a composite number?
True
Is 236440643 composite?
False
Is 37123418573 a composite number?
True
Is 7195937053 prime?
True
Is 49214234 a prime number?
False
Is 233070023 a prime number?
True
Is 52991497301 composite?
True
Is 4904729149 a prime number?
True
Is 1491294403 a composite number?
True
Is 4869993029 a prime number?
False
Is 5275925747 a prime number?
True
Is 2517109117 prime?
True
Is 240662799017 prime?
True
Is 23891829739 composite?
True
Is 90534332519 prime?
True
Is 2405314363 a composite number?
True
Is 798842017 a prime number?
False
Is 810021019 composite?
False
Is 807169631 a composite number?
True
Is 804394441 a composite number?
True
Is 557318041 a prime number?
False
Is 4674849239 a prime number?
True
Is 19896858107 prime?
False
Is 9737747519 a prime number?
False
Is 3935493889 prime?
True
Is 19562866786 composite?
True
Is 4072078469 a composite number?
False
Is 3256716586 a prime number?
False
Is 2556410047 a prime number?
True
Is 4104575989 prime?
True
Is 7132005857 a composite number?
True
Is 148883308313 a prime number?
False
Is 8648157233 prime?
True
Is 496911241 prime?
False
Is 804291434 a composite number?
True
Is 10943014729 a prime number?
True
Is 166079937 a composite number?
True
Is 1878073973 composite?
False
Is 404182721 composite?
True
Is 572728969 composite?
True
Is 21153015223 prime?
True
Is 2686283549 a composite number?
False
Is 2725262933 composite?
True
Is 11433114177 a composite number?
True
Is 7932752661 a composite number?
True
Is 275727913 a prime number?
False
Is 11667510389 a prime number?
True
Is 182252599 a prime number?
True
Is 6791651421 a composite number?
True
Is 2311708877 a composite number?
False
Is 293595007 prime?
True
Is 55379520151 a composite number?
False
Is 1316930767 composite?
True
Is 4570730399 composite?
False
Is 167628287257 composite?
False
Is 106850701 a composite number?
True
Is 479098885 composite?
True
Is 3324532753 a prime number?
True
Is 2418410191 a prime number?
False
Is 379656598 a composite number?
True
Is 26321984569 composite?
False
Is 15052889651 composite?
False
Is 665929907 composite?
True
Is 140379308011 prime?
True
Is 146881118749 prime?
True
Is 102678572681 composite?
False
Is 38072439583 composite?
True
Is 5119459 a composite number?
False
Is 98780517499 prime?
True
Is 1522498751 composite?
False
Is 4602855287 a composite number?
False
Is 4031343367 prime?
True
Is 85267513571 a composite number?
False
Is 2861151857 a prime number?
True
Is 14657280769 a composite number?
False
Is 578582363 a composite number?
False
Is 14983340509 a composite number?
False
Is 668650282 a composite number?
True
Is 168991937 composite?
False
Is 732554821 composite?
False
Is 46212138707 composite?
True
Is 102091589335 a prime number?
False
Is 585239563 a prime number?
False
Is 365815201 a prime number?
True
Is 2333288621 composite?
True
Is 6996617413 composite?
False
Is 56284049387 composite?
True
Is 1365959711 a composite number?
True
Is 40616878697 a prime number?
True
Is 4188543061 a composite number?
False
Is 1241447387 composite?
False
Is 18708623497 a composite number?
False
Is 655163701 a prime number?
True
Is 9126681367 a prime number?
True
Is 11258170999 a prime number?
True
Is 5272691233 a prime number?
False
Is 1697025511 a prime number?
False
Is 13934168357 composite?
False
Is 20025481601 prime?
True
Is 3444334189 composite?
True
Is 13572845803 composite?
True
Is 775622339 a composite number?
False
Is 2060394079 composite?
False
Is 4995093689 a composite number?
False
Is 28235224033 a prime number?
False
Is 2284675563 prime?
False
Is 54018985231 prime?
True
Is 2142149771 prime?
True
Is 41812746211 a prime number?
True
Is 626504894 a composite number?
True
Is 243431777 a prime number?
False
Is 2412987169 a composite number?
True
Is 2035214021 a prime number?
True
Is 797971441 a prime number?
False
Is 7944012953 prime?
False
Is 2447350637 a composite number?
False
Is 618958693 a composite number?
False
Is 158965789 a composite number?
False
Is 40037351153 prime?
True
Is 20592898 composite?
True
Is 13198582357 a prime number?
True
Is 181508669 composite?
False
Is 11062832237 a prime number?
False
Is 1756016371 a prime number?
False
Is 28607465155 prime?
False
Is 571159229 prime?
False
Is 37546457801 a prime number?
False
Is 334950841 composite?
True
Is 3428123339 composite?
False
Is 154565917 prime?
False
Is 1442576813 a composite number?
True
Is 1664453683 prime?
True
Is 4933416023 a prime number?
False
Is 630453431 a prime number?
False
Is 1035454939 a prime number?
True
Is 3672868339 a composite number?
True
Is 379277053 a prime number?
True
Is 351951647 a composite number?
True
Is 6938862523 prime?
True
Is 227520690427 a prime number?
False
Is 6027910639 a prime number?
False
Is 1942136347 a composite number?
True
Is 2481912827 prime?
True
Is 33788137463 a composite number?
True
Is 7466148479 a prime number?
True
Is 445035399 prime?
False
Is 5088356983 prime?
True
Is 6533880893 prime?
False
Is 325198843 prime?
True
Is 1586896019 composite?
True
Is 1738118051 a composite number?
False
Is 3749326007 composite?
True
Is 762898163 a prime number?
True
Is 2411641429 composite?
False
Is 1908062683 a composite number?
True
Is 197097024203 composite?
False
Is 53997605707 composite?
True
Is 25599103 a prime number?
False
Is 177065572339 composite?
True
Is 28211325029 a composite number?
False
Is 6278804227 composite?
False
Is 1436233249 prime?
False
Is 3508672627 prime?
True
Is 216402437015 a composite number?
True
Is 203145739 composite?
True
Is 10769553343 a prime number?
False
Is 526573111 a composite number?
True
Is 4066378871 a composite number?
False
Is 31569603865 a composite number?
True
Is 23184256631 a prime number?
True
Is 37214397147 prime?
False
Is 24990482177 a composite number?
False
Is 9095224357 a composite number?
True
Is 55435583449 prime?
True
Is 338896257599 prime?
False
Is 38412167135 a prime number?
False
Is 5007141847 a prime number?
True
Is 28946945771 a composite number?
True
Is 142723960399 prime?
False
Is 619419941 a composite number?
True
Is 1142762717 composite?
False
Is 605589091 a composite number?
False
Is 767227661 prime?
True
Is 1822600319 a prime number?
True
Is 19166828881 a prime number?
False
Is 500418553 prime?
True
Is 1777919519 a prime number?
True
Is 14544925651 prime?
False
Is 152563043 composite?
True
Is 10073136587 composite?
False
Is 45430449089 a composite number?
True
Is 672361429 a composite number?
False
Is 5462188781 composite?
True
Is 55679024347 composite?
False
Is 15478467 a prime number?
False
Is 79212585157 prime?
False
Is 12186343607 composite?
False
Is 3576008287 a composite number?
False
Is 991906653 prime?
False
Is 54548396317 prime?
True
Is 95672483 a prime number?
True
Is 21216592414 a composite number?
True
Is 5558602519 a composite number?
False
Is 105087187819 prime?
True
Is 149374607 a prime number?
False
Is 471086467 composite?
True
Is 74142050347 prime?
False
Is 107473028683 prime?
False
I